Give d(q).
7
Suppose 0 = -5*r + 11 - 26. Let u(g) = 2*g**2 + 3*g - 4. Calculate u(r).
5
Suppose -2*c = -m - 3*c - 1, -3*c = -3*m + 21. Let z(o) = -4*o**2 + 3*o - 7. Let a(b) = -5*b**2 + 3*b - 8. Let v(n) = m*a(n) - 4*z(n). Give v(4).
8
Let m(o) = o**3 - 1. Let w(n) = 2*n**3 - 6*n**2 - 6*n - 6. Let k be ((-2)/3)/((-2)/18). Suppose 4*h - 2*h + k = 0. Let j(p) = h*m(p) + w(p). Determine j(-5).
2
Let m(y) = -2*y + 1018 - 3*y - 1033. Calculate m(-4).
5
Let y be -2*(33/6 - 1). Let f = y + 9. Let k be f + -1 - (7 - 1). Let t(s) = s + 1. What is t(k)?
-6
Suppose 3*i - 4*i + 3 = -2*p, -3*i + 9 = 5*p. Suppose 4*u - 11 + 3 = p. Let r(c) = -2*c + 10*c**3 - 2*c**u + 4*c**2 + 3*c. What is r(-1)?
-9
Let o(b) = -8*b**3 - b**2 - b. Suppose 0 = 3*z - 2*z - 12. Let l = z - 6. Suppose 5*c + l - 1 = 0. Determine o(c).
8
Let v be 74/(-8) - (49/28 + -2). Let i(t) = t**3 + 10*t**2 + 9*t - 9. What is i(v)?
-9
Let c be 2*1 + (0 - -6). Suppose 0*p - c = 4*p. Let a(k) = k**3 - k**2 + 3*k - 2. Let i(u) = u**2 - 2*u + 1. Let x(r) = 2*a(r) + 3*i(r). Calculate x(p).
-13
Let w(l) = -l**2 + 7*l + 2. Let s(m) = m**2 + 14*m + 27. Let a be s(-12). Let k be -1*3/(a/(-8)). Calculate w(k).
-6
Let z be 1 + 1/(7/42). Let h(s) = -s**3 + 6*s**2 + 6*s + 1. Calculate h(z).
-6
Let f be 77/21 + (-2)/(-6). Suppose r - 10 = 2*r + 5*t, 5*r + f*t = -8. Let u(z) = z**2 + z + 10. What is u(r)?
10
Let j(l) = l**3 + 10*l**2 - 6*l + 9. Let y be ((-4)/5)/((-6)/(-45)). Let s(z) = 2*z**3 + 21*z**2 - 13*z + 19. Let c(x) = y*s(x) + 13*j(x). Determine c(-3).
12
Let i(k) = k**3 + 8*k**2 + 5*k + 5. Let n be i(-7). Suppose 0*r = r - 4*b - n, r + b = -6. Let s(y) = y**3 - y**2 + y + 1. Give s(r).
-2
Let y(h) = 44*h**2 - 5. Let v(b) = 21*b**2 - 3. Let c(s) = -7*v(s) + 4*y(s). Give c(-1).
30
Let v(y) = 1179*y - 2361*y - 3 + 1184*y. Calculate v(-5).
-13
Let b(l) = -4*l**2 + 2*l + 1. Let t(x) = -17*x**2 + 9*x - 3. Let n(p) = 4*b(p) - t(p). Determine n(3).
13
Let t(a) = a**3 + 8*a**2 + a + 14. Let k be t(-8). Let l(g) = g - 5 - k*g + 7*g. Calculate l(7).
9
Let i(t) = 12*t**2 + 491*t - 57. Let g be i(-41). Let p(l) = -l**2 - 19*l - 34. Calculate p(g).
14
Suppose -2*v + v + 9 = 5*c, 5*v - 2*c = 18. Suppose 0 = g - 3*s + 15, -4*g + 5*s = 2 + 23. Suppose j - 3 - v = g. Let z(y) = -y**3 + 7*y**2 - 5. Determine z(j).
-5
Suppose 0 = 15*d - 20*d + 20. Let i(l) = -2 + 7 - l**2 - l**3 - d + 0*l**2. Give i(1).
-1
Let i(h) = 24*h - 9. Let m(a) = -3*a + 1. Let w(y) = -i(y) - 5*m(y). Determine w(4).
-32
Let d(w) = 4*w - 15 + 25 - 3*w - 5. Let i(n) = n**2. Let t be i(1). Let a be (5 + -3 + -2)/t. What is d(a)?
5
Let i(f) be the third derivative of 0*f + 0 - 3*f**2 + 1/6*f**3 + 1/4*f**4. Let k be (-10)/(-2) + -3 - 4. Calculate i(k).
-11
Let u(p) be the second derivative of 1/20*p**5 - 15*p - 5/12*p**4 - 1/2*p**2 + 1/3*p**3 + 0. Give u(3).
-13
Let v = -7 - -7. Suppose 4*r + 0 - 8 = v. Suppose r = 2*s - j + 5, 2*j + 3 = s. Let f(q) = -2*q**2 - 4*q - 3. Give f(s).
-9
Suppose -5*l = 4*j - 8, -20*j + 21*j = 2*l + 2. Let i(o) = o + 4 - 2*o + 0. Give i(j).
2
Let c(w) = -w**2 - 2*w - 1. Let q be c(-3). Let o be 0/((-5)/((-10)/q)). Let y(s) = -2*s**3 + s**3 - 519*s - s**2 + 518*s. Give y(o).
0
Suppose 12*b + 12 = 8*b. Let o(h) = 6*h**3 + 9*h**2 + 8*h - 4. Let m(p) = -7*p**3 - 10*p**2 - 9*p + 5. Let g(c) = -5*m(c) - 6*o(c). Calculate g(b).
-1
Let x(h) = -2*h - 6. Let g = -21 + 15. Let i be x(g). Let r(d) = -d**2 + 5*d. Let l be r(i). Let j(a) = a**3 + 6*a**2 - a + 3. Calculate j(l).
9
Let l be (-1)/((-1)/2) + -3. Let x be 4*(-1 - -2)*l. Let g(h) = -h**2 - 3*h. Let s be g(x). Let c(m) = -m**2 - 6*m - 6. Determine c(s).
2
Let r(u) = -4*u - 13. Let n(k) = 2*k**3 - 20*k**2 + k - 17. Let f be n(10). Determine r(f).
15
Suppose 2*d = h + 8, -24*h - 5*d + 20 = -23*h. Let f(s) = -s**2 - 26. What is f(h)?
-26
Suppose 5*r = s + 25, 3*s = -5*r + 6*r - 5. Suppose -3*c - 10 = -4*z, -2*c + 0*c + 2*z = 4. Let y(t) = 4*t**2 + t**c - t - 6*t**2 - 4. Determine y(s).
-4
Let q(s) = 5*s**3 + 2*s**2 - 4*s + 4. Let u(y) = -3*y**3 - 3*y**2 + 3*y - 5. Let o(x) = -2*q(x) - 3*u(x). What is o(5)?
2
Let v(o) be the first derivative of -7*o**2/2 - o + 9. Let r(q) = -q. Let j be r(-1). Let c(x) = x**3 - x**2 + 1. Let g be c(j). What is v(g)?
-8
Let z(v) = -30*v - 4. Let t(h) = 20*h + 3. Let a(i) = -8*t(i) - 5*z(i). Calculate a(-4).
36
Let k = 500 + -499. Let r(u) = -u**3 + 6*u**2 - 6*u - 1. Let a(g) = 7*g**2 - 7*g - 1. Let m(h) = 6*a(h) - 7*r(h). Determine m(k).
8
Let w(g) = 2*g**2 - 9*g + 1. Suppose -28 = 28*k - 35*k. Determine w(k).
-3
Let y(n) = -2*n + 4. Let b(u) = 3*u - 4. Let r(q) = -3*b(q) - 4*y(q). Let h be r(-6). Let t(f) = -5*f + 2*f + 2*f + 1 - h*f. Calculate t(1).
-2
Let r be (-4 - 3) + 7 + 5. Let v(m) = -m**3 + 6*m**2 - 5*m - 1. What is v(r)?
-1
Let d(l) be the second derivative of l**4/24 + 5*l**3/3 - 12*l**2 + 13*l. Let p(w) be the first derivative of d(w). Determine p(-7).
3
Let m(o) = -o**2 - 4*o + 8. Suppose -9*a + 9 = 63. What is m(a)?
-4
Let c(l) = -l**2 - 3*l + 5. Let n(p) = 59*p - 357. Let b be n(6). Calculate c(b).
5
Let w = -14 - -17. Let d(b) = b**2 - 3*b - 1. What is d(w)?
-1
Let b(n) = 10 + 0 + 13 - 18*n - 9 + 10*n. Determine b(4).
-18
Let t(s) = -38*s**3 - 3*s**2 - 5 + 2*s + 7 + 42*s**3. Determine t(2).
26
Let b(y) be the second derivative of 1/120*y**5 - 2*y + 0*y**2 + 0*y**3 + 5/12*y**4 + 0 + 1/720*y**6. Let m(q) be the third derivative of b(q). Give m(5).
6
Let u(m) = -21*m + 9. Let v(f) = 5*f + 2. Let k(z) = u(z) + 4*v(z). What is k(5)?
12
Let n(h) = h**2 + 8*h + 3. Suppose c + 2*c + 4*j - 230 = 0, 0 = 5*c + j - 372. Suppose 0 = 5*p - 39 + c. Determine n(p).
-4
Let s(q) = -24*q + 14 + q**2 - 32 - 29*q + 51*q. Let h be s(5). Let g(v) = 4*v - 3. Determine g(h).
-15
Let w = -79 - -92. Let t(l) = l**3 - 12*l**2 - 12*l - 10. What is t(w)?
3
Let r(k) be the third derivative of k**4/12 - 2*k**3/3 + 47*k**2. What is r(7)?
10
Let h be 12/(-10) - (-41)/30. Let i(s) be the third derivative of -1/2*s**3 - 1/120*s**6 - h*s**4 + 0 - 1/20*s**5 - s**2 + 0*s. Calculate i(-2).
1
Suppose 4*w - 7*w = 48. Let a = w - -25. Let o(z) = -z**2 + 8*z + 12. Let m be o(a). Let t(c) = c**3 - 2*c**2. What is t(m)?
9
Let h(j) = -j**3 + 6*j**2 - 3. Let y be h(6). Let a(w) = -w + 20 - 20. Calculate a(y).
3
Let z(s) = 3*s. Let l(d) = -16*d**2 - 79*d - 1. Let j be l(-5). What is z(j)?
-18
Let z be 6/9*-3*-2. Let l = -9 + z. Let t(n) = n**2 + 5*n + 4. Give t(l).
4
Let g = 40 + -16. Suppose -i - g = -5*i. Let s(l) = -2 + 4*l**2 + 0*l**2 - i*l**2 - 2*l. Calculate s(-2).
-6
Let r(z) = z + 0*z - 41 + 37 + 0*z. What is r(6)?
2
Let c(h) = -2 + 0 + 0 - 3*h + 2*h. Let z(k) = k**3 - k**2 + k + 5. Let d be z(0). Give c(d).
-7
Let y be (-2)/(-7) + 19/7. Let a(l) = 2*l - 6. Let u(d) = 6*d - 13. Let i(b) = 5*a(b) - 2*u(b). Give i(y).
-10
Let x(g) = g**2 - g + 1. Let z(w) = w + 1. Let a be z(-11). Let t(b) = -2*b + 1. Let s be t(a). Let i = -19 + s. What is x(i)?
3
Let w(l) = -l**3 - 30*l**2 + 36*l + 161. Let p be w(-31). Let q(r) be the second derivative of 1/2*r**2 - p*r + 7/6*r**3 + 0. Calculate q(-1).
-6
Suppose -5*f = -20, 3*q - 19 = 11*f - 15*f. Let n(z) = -2*z - 5. Let m(l) = 1. Let g(u) = -4*m(u) - n(u). Calculate g(q).
3
Let d be 122/(-15) + 14*8/840. Let c(k) = k**3 + 8*k**2 + 2*k + 12. What is c(d)?
-4
Let l be 3/30*8 + 420/100. Let w(s) = -s**3 + 3*s**2 - s + 10. Give w(l).
-45
Let g(l) be the third derivative of l**4/24 - l**3/3 - 88*l**2. Determine g(8).
6
Let n(t) = -6 - 1403*t - 2 + 1402*t. Give n(7).
-15
Let h(b) be the third derivative of 0 + 5*b**2 + 1/6*b**3 + 0*b - 1/24*b**4. Suppose 4 + 1 = n. Calculate h(n).
-4
Let r(m) = 3*m**2 + 37*m + 16. Let k(o) = 2*o**2 + 25*o + 11. Let g(f) = 7*k(f) - 5*r(f). What is g(-11)?
-14
Let a(y) = -4*y - 2. Let v be (-66)/(-14) + (-18)/(-63). Give a(v).
-22
Let b(h) = -7*h**2 - 8*h - 25. Let k(g) = -13*g**2 - 16*g - 46. Let a(s) = -11*b(s) + 6*k(s). Determine a(-6).
11
Let o(l) = -2*l + l + l**2 + 4 + 0*l**2. Let x be 1/(26/(-100)) + (-14)/91. Let g be 3/6 + x/8. Determine o(g).
4
Suppose 22*g = 59 + 29. Let k(d) = -d - 1. Let u(h) = -h + 1. Let q be u(4). Let f(n) = -2. Let r(v) = g*f(v) + q*k(v). Calculate r(4).
7
Suppose -2*r = -3*c - 24, 4*r - c - 32 = c. Let x(i) = i - 3 + 8 + i**2 - 7*i - 3*i. Determine x(r).
-13
Suppose -u